 + 4*o - 84, -f + 5*o = -10 - 11. Let i be (12/f)/((-4)/(-14)). List the prime factors of r(i).
2, 13
Let z(s) = -s**3 - 7*s**2 - 4*s + 9. Let v(d) = -d**2 - 4*d - 10. Let y be v(-3). What are the prime factors of z(y)?
37
Let o(v) = -18*v + 468. What are the prime factors of o(0)?
2, 3, 13
Suppose -13358 = -39*p + 66007. What are the prime factors of p?
5, 11, 37
Suppose 14*w + 31779 = 23*w. List the prime factors of w.
3, 11, 107
Suppose 3*j - 8 = -4*a, -3*a = 2*j - 7*j - 6. Suppose 3*z + a*z = 475. Suppose 4*i - 2*o - 162 = 32, -o = 2*i - z. List the prime factors of i.
2, 3
Let t = 29 - 28. Let w = t + 26. What are the prime factors of w?
3
Suppose -4*a - 24 = -4*u, -3*u + a = -4 - 18. Let r(j) = 2*j - 7. List the prime factors of r(u).
3
Let x be ((-8)/12)/((-1)/9). Let n be 3*-2*3/x. List the prime factors of 9 - 6*n/6.
2, 3
Suppose 3*x + 20 = -m, 0 = x + m - 0*m + 4. Let a be x/12*(-18)/(-4). What are the prime factors of (248/12)/((-2)/a)?
31
Let u = 7 + -69. Let s = -32 - u. What are the prime factors of s?
2, 3, 5
Let c = -2 + 4. Let l = 296 + -293. Suppose -l*b + 7 + c = 0. List the prime factors of b.
3
Let w(s) = 28*s**2 - 65*s - 7. List the prime factors of w(6).
13, 47
What are the prime factors of 0/1 + 59148/31?
2, 3, 53
Let m(q) = q**3 + 8*q**2 + 3*q + 3. Let i be ((-63)/(-14))/((-6)/(-8)). Suppose -2*o = 8, 0*c - i = -2*c + 5*o. List the prime factors of m(c).
31
List the prime factors of 72/(-30)*37030/(-21).
2, 23
What are the prime factors of (-6 - 34)*((-13)/(-5) + -3)?
2
Suppose -4*v + 3 = 3*j - v, -v = -2*j - 1. List the prime factors of (j + (-1016)/(-6))/(52/78).
2, 127
Let o be 36/(-9) + 0 + -2. Let u(r) = -5*r + 7. What are the prime factors of u(o)?
37
Let z(o) = o**2 - o - 9. Let y(v) = -v**2 + v + 10. Let t(h) = -7*y(h) - 6*z(h). List the prime factors of t(6).
2, 7
List the prime factors of 80/25*(-29275)/(-20).
2, 1171
Suppose 0 = -3*g - q + 16, 10 - 1 = g + 4*q. Suppose 0*n = g*n. Suppose 2*m + n*m = 70. What are the prime factors of m?
5, 7
Suppose 11*c + 4*j - 858 = 9*c, 5*c - 2*j - 2085 = 0. List the prime factors of c.
419
Let b(f) = 7*f - 2*f - 14 + 17*f**2 + 0*f**3 - f**3. What are the prime factors of b(17)?
71
Let r = 250 + -109. List the prime factors of r.
3, 47
Let t = 11 - 7. Let u = 1 + t. Suppose -u*l - 3*n + 73 = 0, 4*n + 81 = 5*l + 5*n. What are the prime factors of l?
17
Let p = 629 - -228. What are the prime factors of p?
857
Suppose 15 = 2*d - j - 0*j, -3*j - 30 = -3*d. Suppose 0 = d*w - 20 - 0. Suppose 0 = -4*r - 0*r - t + 19, w*r + 3*t - 9 = 0. What are the prime factors of r?
2, 3
Let i(r) = r**2 + 3*r - 2. Let m be i(-4). Suppose 0 = 4*s + 12, 2*s = -m*d - 231 + 721. List the prime factors of d.
2, 31
Suppose 0 = 6*t - 4*t + 24. Let m = t + 17. Suppose m*n = 3*n + 2*c + 140, -4*n = c - 270. List the prime factors of n.
2, 17
Let z be (-1200)/(-4)*(-1)/(-2). Suppose 2*s - 256 = q, -2*q + z = s + 3*q. Suppose -2*f + s = 3*f. List the prime factors of f.
2, 13
Suppose 0 = o - 3*f + 6*f - 96, -2*f = -4*o + 384. What are the prime factors of o?
2, 3
Suppose 4232 + 12136 = 31*a. List the prime factors of a.
2, 3, 11
Let f(u) = -u**3 + 8*u**2 - 4*u. Let x(m) = -m**3 - 4*m**2 + m + 2. Let b be x(-3). Let t be (b/(-2))/(3 + -2). What are the prime factors of f(t)?
5, 11
Let f = -61 + 143. Suppose -2*a + f = 3*r, -2*a = 3*r - 4*a - 98. Let o = -15 + r. List the prime factors of o.
3, 5
Let m(i) = 34*i - 126. What are the prime factors of m(32)?
2, 13, 37
What are the prime factors of 48/(-1 - 71/(-68))?
2, 17
Let k = -31 + 30. What are the prime factors of 2/(4/(-112)*k)?
2, 7
Let i(b) = 54*b**3 - 9. What are the prime factors of i(2)?
3, 47
Let k = 2042 - 20. What are the prime factors of k?
2, 3, 337
What are the prime factors of 2/(-39) + (-11153)/(-741)?
3, 5
Let z = 302 - 149. Let b = z + -113. What are the prime factors of b?
2, 5
Let w(a) = -a + 10. Let t be w(4). Suppose t*k - 1733 + 251 = 0. What are the prime factors of k?
13, 19
Let f(w) = 41*w**2 - w + 1. Suppose 1 + 6 = 7*o. List the prime factors of f(o).
41
What are the prime factors of ((-2)/(-3))/(9 - 7530/837)?
2, 3, 31
Suppose 0 = 29*k - 22*k - 3416. List the prime factors of k.
2, 61
Suppose -30*q + 14340 = 2100. List the prime factors of q.
2, 3, 17
Suppose -6*v + 3416 = -v - 4*p, 20 = -5*p. What are the prime factors of v?
2, 5, 17
Suppose -6*s + 0 = -18. Suppose -s*f = -5*f + 24. Let a = f - -42. What are the prime factors of a?
2, 3
Let o(q) = 9*q**2 - 4. Let g be o(-3). Let h be 2/7 + 286/g. Suppose -4*a = 5*y + a - 110, h*y - 3*a - 74 = 0. What are the prime factors of y?
2, 5
Let p(z) = z**3 + 2*z**2 - z + 3. Let w be p(3). Suppose -q = -w - 4. What are the prime factors of q?
7
Suppose -5*o = 540 - 175. Let c = -50 - o. List the prime factors of c.
23
Suppose 0 = 4*u - 0*u. Suppose -4*p + u*p + 28 = 0. What are the prime factors of p + 1 - 20/(-10)?
2, 5
Let h = 748 - 217. List the prime factors of h.
3, 59
Let u(h) = 177*h - 96. What are the prime factors of u(14)?
2, 3, 397
Suppose 72*t + 16088 = 80*t. What are the prime factors of t?
2011
Let b be 7 - 1 - (-1017 - 32). Suppose 4*p + 21 = t, -5*t - 2*p = -26 + 9. List the prime factors of b/25 + (-1)/t.
2, 3, 7
Let a(c) be the first derivative of -c - 7/2*c**4 - 1/2*c**2 + 6 - 1/3*c**3. List the prime factors of a(-1).
13
Let g(y) = y**3 + 34*y**2 - 13*y - 101. List the prime factors of g(-32).
17, 139
Let l(u) = u**3 + 6*u**2 + 8*u - 70. What are the prime factors of l(6)?
2, 5, 41
Let b be (-4)/18 + (-16)/(-72). Suppose b = -6*l - 0*l + 972. List the prime factors of l.
2, 3
Let w = -190 - -271. Let h = w + -30. What are the prime factors of h?
3, 17
Suppose b = 3*l + 17, 3*l - 6*l + 27 = 3*b. Suppose -5*o = -b*o - 24. Let w = o - -30. List the prime factors of w.
2, 13
Let h be 0/((-12)/4 - 0). Let l = h + 2. What are the prime factors of l - (2 - (21 + 2))?
23
Let t(a) = -a**2 + 4*a + 22. Let z(g) = -2*g**2 + 9*g + 44. Let y(h) = 5*t(h) - 3*z(h). List the prime factors of y(14).
2, 19
Suppose -20 = -6*h - 68. Let x(y) = 2*y**2 - 2*y + 57. List the prime factors of x(h).
3, 67
Let q be -38*((-14)/35)/(12/15). Suppose -3*u + q = -89. List the prime factors of u.
2, 3
Let r be (-56)/12*3/(-6)*-3. Let v(j) = -j**3 - 7*j**2 - 11*j + 12. List the prime factors of v(r).
89
What are the prime factors of (-5520)/32*112/(-5)?
2, 3, 7, 23
List the prime factors of 6/33 - 57360/(-88).
2, 163
Let n(b) = -b**2 - 3*b - 4. Let j be n(-4). Let u = 33 + j. Suppose u*y - 192 = 22*y. List the prime factors of y.
2
Let c be 13/4 - 1/4. Suppose -2*h - 260 = -3*u + 107, -h = -c*u + 362. What are the prime factors of u?
7, 17
Let m(s) = -318*s + 556. List the prime factors of m(-10).
2, 467
Suppose 4*w - 47 = -4*b - 7, 0 = -3*w - 5*b + 26. Suppose -w = -3*a, a = u + u + 6. Let q(o) = -53*o + 1. List the prime factors of q(u).
2, 3
Suppose -10*o = -12*o + 4772. List the prime factors of o.
2, 1193
Let o(a) = -90*a + 16. List the prime factors of o(-3).
2, 11, 13
Let z = 17 - 14. Suppose -4*m = -z*g - 24, g - 17 = -5*m - 6. Suppose -r + 9*u - 2 = 4*u, 2*u + 20 = m*r. What are the prime factors of r?
2
Suppose q + 35293 = 30*q. List the prime factors of q.
1217
List the prime factors of (-10 + (-1543)/4)*-4.
1583
Let t be (7/(-1))/(-2 - -1). Let k = 21 - t. What are the prime factors of 10/(4/k - 0)?
5, 7
Let g be (-1)/(-2) - (-385)/10. Let m = g + -14. What are the prime factors of 160/m - 2/5?
2, 3
Let c = -12 + 17. Suppose -4*p - 10 = -c*z - 0*z, 3*p - 15 = 0. Suppose -z*l + 10*l = 112. List the prime factors of l.
2, 7
Let j(v) = v**3 + 8*v**2 - 10*v - 4. Let h be j(-9). List the prime factors of h - ((-4 - -4) + -3).
2
Let m = -6681 - -10258. What are the prime factors of m?
7, 73
Let k(x) = -x**2 - 16*x - 7. Let q be k(-15). Let s be (q/3 + -2)*21. List the prime factors of 8/(-14) + 106/s.
7
Let p = 17 - -1001. What are the prime factors of p?
2, 509
Let z(x) = x**3 + 30*x**2 - 57*x + 10. What are the prime factors of z(-31)?
2, 3, 17
Let i(l) = 14*l**2 + 16*l - 59. List the prime factors of i(-14).
23, 107
Let u = 43 - 27. Suppose -11*a - 585 = -u*a. What are the prime factors of a?
3, 13
Let x(s) = 5*s - 133. Let o(m) = -3*m + 67. Let g(p) = 7*o(p) + 3*x(p). List the prime fa